{"id":2,"date":"2025-01-21T13:18:39","date_gmt":"2025-01-21T13:18:39","guid":{"rendered":"https:\/\/domnidzica.pl\/?page_id=2"},"modified":"2025-07-31T20:27:49","modified_gmt":"2025-07-31T20:27:49","slug":"sample-page","status":"publish","type":"page","link":"https:\/\/domnidzica.pl\/","title":{"rendered":""},"content":{"rendered":"\n<h2 class=\"wp-block-heading\">Zmiana nazwy<\/h2>\n\n\n\n<p>Nazwa firmy to teraz DOM bis sp. z o.o. (wcze\u015bniej DOM sp. z o.o.)<\/p>\n\n\n\n<h2 class=\"wp-block-heading\">Informacja o planie po\u0142\u0105czenia sp\u00f3\u0142ek<\/h2>\n\n\n\n<p>W zwi\u0105zku z planowanym po\u0142\u0105czeniem DOM sp. z o.o. oraz DOMAX sp. z o.o., zgodnie z obowi\u0105zuj\u0105cymi przepisami prawa, publikujemy skan planu po\u0142\u0105czenia sp\u00f3\u0142ek.<\/p>\n\n\n\n<p>Dokument zawiera szczeg\u00f3\u0142owe informacje na temat warunk\u00f3w, trybu oraz skutk\u00f3w po\u0142\u0105czenia. Zach\u0119camy do zapoznania si\u0119 z jego tre\u015bci\u0105.<\/p>\n\n\n\n<p>W przypadku pyta\u0144 prosimy o kontakt pod adresem: kontakt@domnidzica.pl lub telefonicznie pod numerem: 89 300 02 09.<\/p>\n\n\n\n<div data-wp-interactive=\"core\/file\" class=\"wp-block-file\"><object data-wp-bind--hidden=\"!state.hasPdfPreview\" hidden class=\"wp-block-file__embed\" data=\"https:\/\/domnidzica.pl\/wp-content\/uploads\/2025\/01\/Plan-polaczenia.pdf\" type=\"application\/pdf\" style=\"width:100%;height:600px\" aria-label=\"Osadzone z Plan po\u0142\u0105czenia.\"><\/object><a id=\"wp-block-file--media-5525c612-8c39-4ce6-850a-88569a2b7978\" href=\"https:\/\/domnidzica.pl\/wp-content\/uploads\/2025\/01\/Plan-polaczenia.pdf\">Plan po\u0142\u0105czenia<\/a><a href=\"https:\/\/domnidzica.pl\/wp-content\/uploads\/2025\/01\/Plan-polaczenia.pdf\" class=\"wp-block-file__button wp-element-button\" download aria-describedby=\"wp-block-file--media-5525c612-8c39-4ce6-850a-88569a2b7978\">Pobierz<\/a><\/div>\n","protected":false},"excerpt":{"rendered":"<p>Zmiana nazwy Nazwa firmy to teraz DOM bis sp. z o.o. (wcze\u015bniej DOM sp. z o.o.) Informacja o planie po\u0142\u0105czenia sp\u00f3\u0142ek W zwi\u0105zku z planowanym po\u0142\u0105czeniem DOM sp. z o.o. oraz DOMAX sp. z o.o., zgodnie z obowi\u0105zuj\u0105cymi przepisami prawa, publikujemy skan planu po\u0142\u0105czenia sp\u00f3\u0142ek. Dokument zawiera szczeg\u00f3\u0142owe informacje na temat warunk\u00f3w, trybu oraz skutk\u00f3w po\u0142\u0105czenia. Zach\u0119camy do zapoznania si\u0119 z jego tre\u015bci\u0105. W przypadku pyta\u0144 prosimy o kontakt pod adresem: kontakt@domnidzica.pl lub telefonicznie pod numerem: 89 300 02 09.<\/p>\n","protected":false},"author":1,"featured_media":0,"parent":0,"menu_order":0,"comment_status":"closed","ping_status":"open","template":"","meta":{"footnotes":""},"class_list":["post-2","page","type-page","status-publish","hentry"],"acf":[],"_links":{"self":[{"href":"https:\/\/domnidzica.pl\/index.php?rest_route=\/wp\/v2\/pages\/2","targetHints":{"allow":["GET"]}}],"collection":[{"href":"https:\/\/domnidzica.pl\/index.php?rest_route=\/wp\/v2\/pages"}],"about":[{"href":"https:\/\/domnidzica.pl\/index.php?rest_route=\/wp\/v2\/types\/page"}],"author":[{"embeddable":true,"href":"https:\/\/domnidzica.pl\/index.php?rest_route=\/wp\/v2\/users\/1"}],"replies":[{"embeddable":true,"href":"https:\/\/domnidzica.pl\/index.php?rest_route=%2Fwp%2Fv2%2Fcomments&post=2"}],"version-history":[{"count":6,"href":"https:\/\/domnidzica.pl\/index.php?rest_route=\/wp\/v2\/pages\/2\/revisions"}],"predecessor-version":[{"id":23,"href":"https:\/\/domnidzica.pl\/index.php?rest_route=\/wp\/v2\/pages\/2\/revisions\/23"}],"wp:attachment":[{"href":"https:\/\/domnidzica.pl\/index.php?rest_route=%2Fwp%2Fv2%2Fmedia&parent=2"}],"curies":[{"name":"wp","href":"https:\/\/api.w.org\/{rel}","templated":true}]}}